{"id":109,"date":"2024-04-01T17:20:42","date_gmt":"2024-04-01T14:20:42","guid":{"rendered":"https:\/\/mavigunesanaokulu.com\/?page_id=109"},"modified":"2026-04-02T00:03:21","modified_gmt":"2026-04-01T21:03:21","slug":"beslenme","status":"publish","type":"page","link":"https:\/\/mavigunesanaokulu.com\/index.php\/beslenme\/","title":{"rendered":"Beslenme"},"content":{"rendered":"\n<h2 class=\"wp-block-heading\">Nisan ay\u0131 Men\u00fcs\u00fc<\/h2>\n\n\n\n<figure class=\"wp-block-image size-full\"><img loading=\"lazy\" decoding=\"async\" width=\"952\" height=\"1604\" src=\"https:\/\/mavigunesanaokulu.com\/wp-content\/uploads\/2026\/04\/1002136562.png\" alt=\"\" class=\"wp-image-845\" srcset=\"https:\/\/mavigunesanaokulu.com\/wp-content\/uploads\/2026\/04\/1002136562.png 952w, https:\/\/mavigunesanaokulu.com\/wp-content\/uploads\/2026\/04\/1002136562-178x300.png 178w, https:\/\/mavigunesanaokulu.com\/wp-content\/uploads\/2026\/04\/1002136562-608x1024.png 608w, https:\/\/mavigunesanaokulu.com\/wp-content\/uploads\/2026\/04\/1002136562-768x1294.png 768w, https:\/\/mavigunesanaokulu.com\/wp-content\/uploads\/2026\/04\/1002136562-912x1536.png 912w\" sizes=\"auto, (max-width: 952px) 100vw, 952px\" \/><\/figure>\n","protected":false},"excerpt":{"rendered":"<p>Nisan ay\u0131 Men\u00fcs\u00fc<\/p>\n","protected":false},"author":1,"featured_media":602,"parent":0,"menu_order":0,"comment_status":"closed","ping_status":"closed","template":"","meta":{"footnotes":""},"class_list":["post-109","page","type-page","status-publish","has-post-thumbnail","hentry"],"_links":{"self":[{"href":"https:\/\/mavigunesanaokulu.com\/index.php\/wp-json\/wp\/v2\/pages\/109","targetHints":{"allow":["GET"]}}],"collection":[{"href":"https:\/\/mavigunesanaokulu.com\/index.php\/wp-json\/wp\/v2\/pages"}],"about":[{"href":"https:\/\/mavigunesanaokulu.com\/index.php\/wp-json\/wp\/v2\/types\/page"}],"author":[{"embeddable":true,"href":"https:\/\/mavigunesanaokulu.com\/index.php\/wp-json\/wp\/v2\/users\/1"}],"replies":[{"embeddable":true,"href":"https:\/\/mavigunesanaokulu.com\/index.php\/wp-json\/wp\/v2\/comments?post=109"}],"version-history":[{"count":25,"href":"https:\/\/mavigunesanaokulu.com\/index.php\/wp-json\/wp\/v2\/pages\/109\/revisions"}],"predecessor-version":[{"id":846,"href":"https:\/\/mavigunesanaokulu.com\/index.php\/wp-json\/wp\/v2\/pages\/109\/revisions\/846"}],"wp:featuredmedia":[{"embeddable":true,"href":"https:\/\/mavigunesanaokulu.com\/index.php\/wp-json\/wp\/v2\/media\/602"}],"wp:attachment":[{"href":"https:\/\/mavigunesanaokulu.com\/index.php\/wp-json\/wp\/v2\/media?parent=109"}],"curies":[{"name":"wp","href":"https:\/\/api.w.org\/{rel}","templated":true}]}}