{"id":170,"date":"2023-04-17T11:28:39","date_gmt":"2023-04-17T11:28:39","guid":{"rendered":"https:\/\/demo.themeinwp.net\/kiddies\/?page_id=170"},"modified":"2024-05-09T13:48:58","modified_gmt":"2024-05-09T10:48:58","slug":"egitimlerimiz","status":"publish","type":"page","link":"https:\/\/mavigunesanaokulu.com\/index.php\/egitimlerimiz\/","title":{"rendered":"E\u011fitimlerimiz"},"content":{"rendered":"\n<p>Milli E\u011fitime ba\u011fl\u0131 anaokuluyuz m\u00fcfredat gere\u011fi e\u011fitim i\u00e7eriklerimiz \u00e7ocuklar\u0131m\u0131z\u0131n ya\u015f grubuna uygun onlar\u0131n e\u011fitimini destekler \u015fekildedir.<\/p>\n\n\n\n<p>Hikaye saati, yemek at\u00f6lyesi, \u0130ngilizce, spor, fen &amp; do\u011fa, matematik, masa oyunlar\u0131, serbest zaman, kodlama, kurall\u0131 oyun, dikkat g\u00fc\u00e7lendirme, g\u00f6rsel alg\u0131, de\u011ferler e\u011fitimi,sanat etkinli\u011fi, drama, oyuncak g\u00fcn\u00fc, s\u00fcrpriz g\u00fcn\u00fc&#8230;..vb <\/p>\n\n\n\n<div class=\"wp-block-group alignfull has-background\" style=\"background-color:#f7f7f7;padding-top:20px;padding-bottom:100px\"><div class=\"wp-block-group__inner-container is-layout-flow wp-block-group-is-layout-flow\">\n<h2 class=\"wp-block-heading has-text-align-center has-luminous-vivid-amber-color has-text-color\" style=\"font-size:40px;font-style:normal;font-weight:700\"><strong>\u00d6\u011fretmenlerimiz<\/strong><\/h2>\n\n\n\n<div class=\"wp-block-columns alignwide are-vertically-aligned-center is-layout-flex wp-container-core-columns-is-layout-edda2a69 wp-block-columns-is-layout-flex\" style=\"padding-top:50px\">\n<div class=\"wp-block-column is-vertically-aligned-center has-black-color has-text-color is-layout-flow wp-block-column-is-layout-flow\" style=\"border-radius:10px\"><\/div>\n\n\n\n<div class=\"wp-block-column is-vertically-aligned-center has-black-color has-text-color is-layout-flow wp-block-column-is-layout-flow\" style=\"border-radius:10px\"><div class=\"wp-block-image\">\n<figure class=\"aligncenter size-full has-custom-border\"><img loading=\"lazy\" decoding=\"async\" width=\"368\" height=\"383\" src=\"https:\/\/mavigunesanaokulu.com\/wp-content\/uploads\/2024\/05\/irem-karas.jpg\" alt=\"\" class=\"wp-image-580\" style=\"border-radius:10px\" srcset=\"https:\/\/mavigunesanaokulu.com\/wp-content\/uploads\/2024\/05\/irem-karas.jpg 368w, https:\/\/mavigunesanaokulu.com\/wp-content\/uploads\/2024\/05\/irem-karas-288x300.jpg 288w\" sizes=\"auto, (max-width: 368px) 100vw, 368px\" \/><\/figure>\n<\/div>\n\n\n<p class=\"has-text-align-center\"><strong>\u0130rem Kara\u015f<\/strong> <br>Uzman \u00f6\u011fretici<\/p>\n<\/div>\n\n\n\n<div class=\"wp-block-column is-vertically-aligned-center has-black-color has-text-color is-layout-flow wp-block-column-is-layout-flow\" style=\"border-radius:10px\"><\/div>\n\n\n\n<div class=\"wp-block-column is-vertically-aligned-center is-layout-flow wp-block-column-is-layout-flow\"><div class=\"wp-block-image\">\n<figure class=\"aligncenter size-full has-custom-border\"><img loading=\"lazy\" decoding=\"async\" width=\"512\" height=\"512\" src=\"https:\/\/mavigunesanaokulu.com\/wp-content\/uploads\/2024\/03\/cropped-logo-1.jpg\" alt=\"\" class=\"wp-image-9\" style=\"border-radius:10px\" srcset=\"https:\/\/mavigunesanaokulu.com\/wp-content\/uploads\/2024\/03\/cropped-logo-1.jpg 512w, https:\/\/mavigunesanaokulu.com\/wp-content\/uploads\/2024\/03\/cropped-logo-1-300x300.jpg 300w, https:\/\/mavigunesanaokulu.com\/wp-content\/uploads\/2024\/03\/cropped-logo-1-150x150.jpg 150w, https:\/\/mavigunesanaokulu.com\/wp-content\/uploads\/2024\/03\/cropped-logo-1-270x270.jpg 270w, https:\/\/mavigunesanaokulu.com\/wp-content\/uploads\/2024\/03\/cropped-logo-1-192x192.jpg 192w, https:\/\/mavigunesanaokulu.com\/wp-content\/uploads\/2024\/03\/cropped-logo-1-180x180.jpg 180w, https:\/\/mavigunesanaokulu.com\/wp-content\/uploads\/2024\/03\/cropped-logo-1-32x32.jpg 32w\" sizes=\"auto, (max-width: 512px) 100vw, 512px\" \/><\/figure>\n<\/div>\n\n\n<p class=\"has-text-align-center\"><strong>Ay\u015fenur Yavuz<\/strong><br>Usta \u00d6\u011fretici<\/p>\n<\/div>\n\n\n\n<div class=\"wp-block-column is-vertically-aligned-center is-layout-flow wp-block-column-is-layout-flow\"><\/div>\n<\/div>\n<\/div><\/div>\n\n\n\n<div class=\"wp-block-cover alignfull main_hero_banner_sec\"><span aria-hidden=\"true\" class=\"wp-block-cover__background has-black-background-color has-background-dim-30 has-background-dim\"><\/span><img decoding=\"async\" class=\"wp-block-cover__image-background\" alt=\"\" src=\"https:\/\/img.rawpixel.com\/s3fs-private\/rawpixel_images\/website_content\/pd19-3-3545833a.jpg?w=1200&amp;h=1200&amp;fit=clip&amp;crop=default&amp;dpr=1&amp;q=75&amp;vib=3&amp;con=3&amp;usm=15&amp;cs=srgb&amp;bg=F4F4F3&amp;ixlib=js-2.2.1&amp;s=180f8bae996d28a805136b6a7edada87\" style=\"object-position:35% 33%\" data-object-fit=\"cover\" data-object-position=\"35% 33%\"\/><div class=\"wp-block-cover__inner-container is-layout-flow wp-block-cover-is-layout-flow\">\n<h1 class=\"wp-block-heading has-text-align-center has-white-color has-text-color\" style=\"margin-top:0px;margin-bottom:0px;font-size:32px;font-style:normal;font-weight:700;line-height:1.3;text-transform:capitalize\">3-4-5 ya\u015f<\/h1>\n\n\n\n<p class=\"has-text-align-center entry-content has-white-color has-text-color\" style=\"font-size:18px;line-height:2\">Toplam kontenjan 30 ki\u015fi<\/p>\n\n\n\n<div class=\"wp-block-buttons is-horizontal is-content-justification-center is-layout-flex wp-container-core-buttons-is-layout-2eebc9a8 wp-block-buttons-is-layout-flex\">\n<div class=\"wp-block-button has-custom-font-size is-style-fill\" id=\"-\" style=\"font-size:18px\"><a class=\"wp-block-button__link has-white-background-color has-text-color has-background wp-element-button\" href=\"https:\/\/mavigunesanaokulu.com\/index.php\/about-us\/\" style=\"border-radius:20px;color:#172646\">Hakk\u0131m\u0131zda<\/a><\/div>\n\n\n\n<div class=\"wp-block-button has-custom-font-size is-style-outline is-style-outline--1\" id=\"-\" style=\"font-size:18px\"><a class=\"wp-block-button__link has-white-color has-text-color has-background wp-element-button\" href=\"https:\/\/mavigunesanaokulu.com\/index.php\/iletisim\/\" style=\"border-radius:20px;background-color:#ffffff00\">\u0130leti\u015fim<\/a><\/div>\n<\/div>\n<\/div><\/div>\n","protected":false},"excerpt":{"rendered":"<p>Milli E\u011fitime ba\u011fl\u0131 anaokuluyuz m\u00fcfredat gere\u011fi e\u011fitim i\u00e7eriklerimiz \u00e7ocuklar\u0131m\u0131z\u0131n ya\u015f grubuna uygun onlar\u0131n e\u011fitimini destekler \u015fekildedir. Hikaye saati, yemek at\u00f6lyesi, \u0130ngilizce, spor, fen &amp; do\u011fa, [&hellip;]<\/p>\n","protected":false},"author":1,"featured_media":585,"parent":0,"menu_order":0,"comment_status":"closed","ping_status":"closed","template":"template-parts\/full-width-page-template.php","meta":{"footnotes":""},"class_list":["post-170","page","type-page","status-publish","has-post-thumbnail","hentry"],"_links":{"self":[{"href":"https:\/\/mavigunesanaokulu.com\/index.php\/wp-json\/wp\/v2\/pages\/170","targetHints":{"allow":["GET"]}}],"collection":[{"href":"https:\/\/mavigunesanaokulu.com\/index.php\/wp-json\/wp\/v2\/pages"}],"about":[{"href":"https:\/\/mavigunesanaokulu.com\/index.php\/wp-json\/wp\/v2\/types\/page"}],"author":[{"embeddable":true,"href":"https:\/\/mavigunesanaokulu.com\/index.php\/wp-json\/wp\/v2\/users\/1"}],"replies":[{"embeddable":true,"href":"https:\/\/mavigunesanaokulu.com\/index.php\/wp-json\/wp\/v2\/comments?post=170"}],"version-history":[{"count":9,"href":"https:\/\/mavigunesanaokulu.com\/index.php\/wp-json\/wp\/v2\/pages\/170\/revisions"}],"predecessor-version":[{"id":587,"href":"https:\/\/mavigunesanaokulu.com\/index.php\/wp-json\/wp\/v2\/pages\/170\/revisions\/587"}],"wp:featuredmedia":[{"embeddable":true,"href":"https:\/\/mavigunesanaokulu.com\/index.php\/wp-json\/wp\/v2\/media\/585"}],"wp:attachment":[{"href":"https:\/\/mavigunesanaokulu.com\/index.php\/wp-json\/wp\/v2\/media?parent=170"}],"curies":[{"name":"wp","href":"https:\/\/api.w.org\/{rel}","templated":true}]}}