{"id":323,"date":"2023-04-18T06:40:07","date_gmt":"2023-04-18T06:40:07","guid":{"rendered":"https:\/\/demo.themeinwp.net\/kiddies\/?page_id=323"},"modified":"2024-05-09T14:17:52","modified_gmt":"2024-05-09T11:17:52","slug":"siniflar","status":"publish","type":"page","link":"https:\/\/mavigunesanaokulu.com\/index.php\/siniflar\/","title":{"rendered":"S\u0131n\u0131flar\u0131m\u0131z"},"content":{"rendered":"\n<p><\/p>\n\n\n\n<div class=\"wp-block-group alignfull\" style=\"padding-top:50px;padding-right:15px;padding-bottom:50px;padding-left:15px\"><div class=\"wp-block-group__inner-container is-layout-constrained wp-container-core-group-is-layout-91876754 wp-block-group-is-layout-constrained\">\n<div class=\"wp-block-columns is-layout-flex wp-container-core-columns-is-layout-9d6595d7 wp-block-columns-is-layout-flex\">\n<div class=\"wp-block-column is-layout-flow wp-block-column-is-layout-flow\">\n<h2 class=\"wp-block-heading has-text-align-center has-black-color has-text-color has-x-large-font-size\" style=\"line-height:1.2;text-transform:uppercase\"><strong>okulumuzun b\u00f6l\u00fcmleri <\/strong><\/h2>\n<\/div>\n<\/div>\n\n\n\n<div class=\"wp-block-columns are-vertically-aligned-center is-layout-flex wp-container-core-columns-is-layout-6a0a47ed wp-block-columns-is-layout-flex\" style=\"margin-top:0px;margin-bottom:0px\">\n<div class=\"wp-block-column is-vertically-aligned-center is-layout-flow wp-block-column-is-layout-flow\" style=\"flex-basis:50%\">\n<div class=\"wp-block-media-text has-media-on-the-right is-stacked-on-mobile is-image-fill has-white-color has-text-color has-background\" style=\"background-color:#ffae39\"><div class=\"wp-block-media-text__content\">\n<h2 class=\"wp-block-heading has-black-color has-text-color has-medium-font-size\" style=\"font-style:normal;font-weight:500;letter-spacing:0.1em;text-transform:uppercase\"><strong>\u015e\u0130R\u0130NLER SINIFIMIZ<\/strong> <strong>\u2192<\/strong><\/h2>\n\n\n\n<p class=\"has-black-color has-text-color\" style=\"font-size:16px\">\u00c7ocuklar\u0131m\u0131z ya\u015f gruplar\u0131na g\u00f6re s\u0131n\u0131flar\u0131 ayr\u0131d\u0131r. 3-4 ya\u015f aral\u0131\u011f\u0131 s\u0131n\u0131f\u0131m\u0131z \u015firinler s\u0131n\u0131f\u0131m\u0131z.<\/p>\n<\/div><figure class=\"wp-block-media-text__media\" style=\"background-image:url(https:\/\/mavigunesanaokulu.com\/wp-content\/uploads\/2024\/04\/sinif-1024x461.jpg);background-position:50% 50%\"><img loading=\"lazy\" decoding=\"async\" width=\"1024\" height=\"461\" src=\"https:\/\/mavigunesanaokulu.com\/wp-content\/uploads\/2024\/04\/sinif-1024x461.jpg\" alt=\"\" class=\"wp-image-542 size-full\" srcset=\"https:\/\/mavigunesanaokulu.com\/wp-content\/uploads\/2024\/04\/sinif-1024x461.jpg 1024w, https:\/\/mavigunesanaokulu.com\/wp-content\/uploads\/2024\/04\/sinif-300x135.jpg 300w, https:\/\/mavigunesanaokulu.com\/wp-content\/uploads\/2024\/04\/sinif-768x346.jpg 768w, https:\/\/mavigunesanaokulu.com\/wp-content\/uploads\/2024\/04\/sinif.jpg 1080w\" sizes=\"auto, (max-width: 1024px) 100vw, 1024px\" \/><\/figure><\/div>\n<\/div>\n\n\n\n<div class=\"wp-block-column is-vertically-aligned-center is-layout-flow wp-block-column-is-layout-flow\" style=\"flex-basis:50%\">\n<div class=\"wp-block-media-text has-media-on-the-right is-stacked-on-mobile is-image-fill has-white-color has-text-color has-background\" style=\"background-color:#ffae39\"><div class=\"wp-block-media-text__content\">\n<h2 class=\"wp-block-heading has-black-color has-text-color has-medium-font-size\" style=\"font-style:normal;font-weight:500;letter-spacing:0.1em;text-transform:uppercase\"><strong>OYUN ODAMIZ \u2192<\/strong><\/h2>\n\n\n\n<p class=\"has-black-color has-text-color\" style=\"font-size:16px\">\u00c7ocuklar\u0131m\u0131z\u0131n srbest vakitlerinde, oyun saatinde ve sabah sporlar\u0131nda en sevdikleri alan\u0131m\u0131z \ud83d\ude42<\/p>\n<\/div><figure class=\"wp-block-media-text__media\" style=\"background-image:url(https:\/\/mavigunesanaokulu.com\/wp-content\/uploads\/2024\/04\/oyun-1024x461.jpg);background-position:50% 50%\"><img loading=\"lazy\" decoding=\"async\" width=\"1024\" height=\"461\" src=\"https:\/\/mavigunesanaokulu.com\/wp-content\/uploads\/2024\/04\/oyun-1024x461.jpg\" alt=\"\" class=\"wp-image-547 size-full\" srcset=\"https:\/\/mavigunesanaokulu.com\/wp-content\/uploads\/2024\/04\/oyun-1024x461.jpg 1024w, https:\/\/mavigunesanaokulu.com\/wp-content\/uploads\/2024\/04\/oyun-300x135.jpg 300w, https:\/\/mavigunesanaokulu.com\/wp-content\/uploads\/2024\/04\/oyun-768x346.jpg 768w, https:\/\/mavigunesanaokulu.com\/wp-content\/uploads\/2024\/04\/oyun.jpg 1080w\" sizes=\"auto, (max-width: 1024px) 100vw, 1024px\" \/><\/figure><\/div>\n<\/div>\n<\/div>\n\n\n\n<div class=\"wp-block-columns are-vertically-aligned-center is-layout-flex wp-container-core-columns-is-layout-6a0a47ed wp-block-columns-is-layout-flex\" style=\"margin-top:0px;margin-bottom:0px\">\n<div class=\"wp-block-column is-vertically-aligned-center is-layout-flow wp-block-column-is-layout-flow\" style=\"flex-basis:50%\">\n<div class=\"wp-block-media-text is-stacked-on-mobile is-image-fill has-white-color has-text-color has-background\" style=\"background-color:#ffae39\"><figure class=\"wp-block-media-text__media\" style=\"background-image:url(https:\/\/mavigunesanaokulu.com\/wp-content\/uploads\/2024\/04\/sini3-1024x769.jpg);background-position:50% 50%\"><img loading=\"lazy\" decoding=\"async\" width=\"1024\" height=\"769\" src=\"https:\/\/mavigunesanaokulu.com\/wp-content\/uploads\/2024\/04\/sini3-1024x769.jpg\" alt=\"\" class=\"wp-image-544 size-full\" srcset=\"https:\/\/mavigunesanaokulu.com\/wp-content\/uploads\/2024\/04\/sini3-1024x769.jpg 1024w, https:\/\/mavigunesanaokulu.com\/wp-content\/uploads\/2024\/04\/sini3-300x225.jpg 300w, https:\/\/mavigunesanaokulu.com\/wp-content\/uploads\/2024\/04\/sini3-768x577.jpg 768w, https:\/\/mavigunesanaokulu.com\/wp-content\/uploads\/2024\/04\/sini3.jpg 1080w\" sizes=\"auto, (max-width: 1024px) 100vw, 1024px\" \/><\/figure><div class=\"wp-block-media-text__content\">\n<h2 class=\"wp-block-heading has-black-color has-text-color has-medium-font-size\" style=\"font-style:normal;font-weight:500;letter-spacing:0.1em;text-transform:uppercase\"><strong>YILDIZLAR SINIFMIZ \u2192<\/strong><\/h2>\n\n\n\n<p class=\"has-black-color has-text-color\" style=\"font-size:16px\">\u00c7ocuklar\u0131m\u0131z ya\u015f gruplar\u0131na g\u00f6re s\u0131n\u0131flar\u0131 ayr\u0131d\u0131r. 4-5 ya\u015f aral\u0131\u011f\u0131 s\u0131n\u0131f\u0131m\u0131z \u015firinler s\u0131n\u0131f\u0131m\u0131z.<\/p>\n<\/div><\/div>\n<\/div>\n\n\n\n<div class=\"wp-block-column is-vertically-aligned-center is-layout-flow wp-block-column-is-layout-flow\" style=\"flex-basis:50%\">\n<div class=\"wp-block-media-text is-stacked-on-mobile is-vertically-aligned-center is-image-fill has-white-color has-text-color has-background\" style=\"background-color:#ffae39;grid-template-columns:48% auto\"><figure class=\"wp-block-media-text__media\" style=\"background-image:url(https:\/\/mavigunesanaokulu.com\/wp-content\/uploads\/2024\/04\/okuma-1024x461.jpg);background-position:50% 50%\"><img loading=\"lazy\" decoding=\"async\" width=\"1024\" height=\"461\" src=\"https:\/\/mavigunesanaokulu.com\/wp-content\/uploads\/2024\/04\/okuma-1024x461.jpg\" alt=\"\" class=\"wp-image-548 size-full\" srcset=\"https:\/\/mavigunesanaokulu.com\/wp-content\/uploads\/2024\/04\/okuma-1024x461.jpg 1024w, https:\/\/mavigunesanaokulu.com\/wp-content\/uploads\/2024\/04\/okuma-300x135.jpg 300w, https:\/\/mavigunesanaokulu.com\/wp-content\/uploads\/2024\/04\/okuma-768x346.jpg 768w, https:\/\/mavigunesanaokulu.com\/wp-content\/uploads\/2024\/04\/okuma.jpg 1080w\" sizes=\"auto, (max-width: 1024px) 100vw, 1024px\" \/><\/figure><div class=\"wp-block-media-text__content\">\n<h2 class=\"wp-block-heading has-black-color has-text-color has-medium-font-size\" style=\"font-style:normal;font-weight:500;letter-spacing:0.1em;text-transform:uppercase\"><strong>OKUMA K\u00d6\u015eEM\u0130Z \u2192<\/strong><\/h2>\n\n\n\n<p class=\"has-black-color has-text-color\" style=\"font-size:16px\">Hikaye saatimiz , drama etkinliklerimizde kullanmad\u0131\u011f\u0131m\u0131z  kitap soka\u011f\u0131m\u0131z <\/p>\n<\/div><\/div>\n<\/div>\n<\/div>\n<\/div><\/div>\n\n\n\n<div class=\"wp-block-group alignfull wpz_pattern_6 has-background\" style=\"background-color:#fafafa\"><div class=\"wp-block-group__inner-container is-layout-flow wp-block-group-is-layout-flow\">\n<div style=\"height:50px\" aria-hidden=\"true\" class=\"wp-block-spacer\"><\/div>\n\n\n\n<div class=\"wp-block-columns alignwide are-vertically-aligned-top is-layout-flex wp-container-core-columns-is-layout-edda2a69 wp-block-columns-is-layout-flex\" style=\"padding-top:50px\">\n<div class=\"wp-block-column is-vertically-aligned-top is-layout-flow wp-block-column-is-layout-flow\" style=\"flex-basis:100%\">\n<div class=\"wp-block-group\"><div class=\"wp-block-group__inner-container is-layout-flow wp-block-group-is-layout-flow\">\n<h2 class=\"wp-block-heading has-text-align-center has-text-color has-large-font-size\" style=\"color:#846c62\"><strong>Bizi <strong>Instagram<\/strong><\/strong> da <strong>takip edin <\/strong><\/h2>\n<\/div><\/div>\n\n\n<div class=\"wp-block-image is-style-rounded\">\n<figure class=\"aligncenter size-full is-resized\"><a href=\"https:\/\/mavigunesanaokulu.com\/wp-content\/uploads\/2024\/04\/logo-1.jpg\"><img loading=\"lazy\" decoding=\"async\" width=\"960\" height=\"1200\" src=\"https:\/\/mavigunesanaokulu.com\/wp-content\/uploads\/2024\/04\/logo-1.jpg\" alt=\"\" class=\"wp-image-552\" style=\"aspect-ratio:1;width:161px;height:auto\" srcset=\"https:\/\/mavigunesanaokulu.com\/wp-content\/uploads\/2024\/04\/logo-1.jpg 960w, https:\/\/mavigunesanaokulu.com\/wp-content\/uploads\/2024\/04\/logo-1-240x300.jpg 240w, https:\/\/mavigunesanaokulu.com\/wp-content\/uploads\/2024\/04\/logo-1-819x1024.jpg 819w, https:\/\/mavigunesanaokulu.com\/wp-content\/uploads\/2024\/04\/logo-1-768x960.jpg 768w\" sizes=\"auto, (max-width: 960px) 100vw, 960px\" \/><\/a><figcaption class=\"wp-element-caption\">@mavigunesanaokulu<\/figcaption><\/figure>\n<\/div>\n\n\n<p class=\"has-text-align-center\" style=\"font-size:16px\">Yapt\u0131\u011f\u0131m\u0131z t\u00fcm etkinlikleri video ve foto\u011fraf olarak instagram ve facebook hesaplar\u0131m\u0131zdan g\u00f6rebilirsiniz.<\/p>\n\n\n\n<div class=\"wp-block-buttons alignfull is-content-justification-center is-layout-flex wp-container-core-buttons-is-layout-14c487f4 wp-block-buttons-is-layout-flex\">\n<div class=\"wp-block-button has-custom-font-size\" style=\"font-size:14px\"><a class=\"wp-block-button__link has-white-color has-text-color has-background wp-element-button\" href=\"https:\/\/www.instagram.com\/mavigunesanaokulu\" style=\"border-radius:4px;background-color:#846c62\">Bizi takip edin<strong> Instagram<\/strong><\/a><\/div>\n<\/div>\n\n\n\n<div style=\"height:67px\" aria-hidden=\"true\" class=\"wp-block-spacer\"><\/div>\n<\/div>\n\n\n\n<div class=\"wp-block-column is-vertically-aligned-top is-layout-flow wp-block-column-is-layout-flow\" style=\"flex-basis:100%\">\n<div class=\"wp-block-group\"><div class=\"wp-block-group__inner-container is-layout-flow wp-block-group-is-layout-flow\">\n<figure class=\"wp-block-gallery has-nested-images columns-2 is-cropped wp-block-gallery-1 is-layout-flex wp-block-gallery-is-layout-flex\">\n<figure class=\"wp-block-image size-large\"><img loading=\"lazy\" decoding=\"async\" width=\"1024\" height=\"766\" data-id=\"34\" src=\"https:\/\/mavigunesanaokulu.com\/wp-content\/uploads\/2024\/04\/IMG-20240328-WA0196-1024x766.jpg\" alt=\"\" class=\"wp-image-34\" srcset=\"https:\/\/mavigunesanaokulu.com\/wp-content\/uploads\/2024\/04\/IMG-20240328-WA0196-1024x766.jpg 1024w, https:\/\/mavigunesanaokulu.com\/wp-content\/uploads\/2024\/04\/IMG-20240328-WA0196-300x225.jpg 300w, https:\/\/mavigunesanaokulu.com\/wp-content\/uploads\/2024\/04\/IMG-20240328-WA0196-768x575.jpg 768w, https:\/\/mavigunesanaokulu.com\/wp-content\/uploads\/2024\/04\/IMG-20240328-WA0196-1536x1150.jpg 1536w, https:\/\/mavigunesanaokulu.com\/wp-content\/uploads\/2024\/04\/IMG-20240328-WA0196-2048x1533.jpg 2048w\" sizes=\"auto, (max-width: 1024px) 100vw, 1024px\" \/><\/figure>\n\n\n\n<figure class=\"wp-block-image size-large\"><img loading=\"lazy\" decoding=\"async\" width=\"1024\" height=\"768\" data-id=\"32\" src=\"https:\/\/mavigunesanaokulu.com\/wp-content\/uploads\/2024\/04\/IMG-20240328-WA0219-1024x768.jpg\" alt=\"\" class=\"wp-image-32\" srcset=\"https:\/\/mavigunesanaokulu.com\/wp-content\/uploads\/2024\/04\/IMG-20240328-WA0219-1024x768.jpg 1024w, https:\/\/mavigunesanaokulu.com\/wp-content\/uploads\/2024\/04\/IMG-20240328-WA0219-300x225.jpg 300w, https:\/\/mavigunesanaokulu.com\/wp-content\/uploads\/2024\/04\/IMG-20240328-WA0219-768x576.jpg 768w, https:\/\/mavigunesanaokulu.com\/wp-content\/uploads\/2024\/04\/IMG-20240328-WA0219-1536x1152.jpg 1536w, https:\/\/mavigunesanaokulu.com\/wp-content\/uploads\/2024\/04\/IMG-20240328-WA0219.jpg 2048w\" sizes=\"auto, (max-width: 1024px) 100vw, 1024px\" \/><\/figure>\n\n\n\n<figure class=\"wp-block-image size-large\"><img loading=\"lazy\" decoding=\"async\" width=\"1024\" height=\"768\" data-id=\"33\" src=\"https:\/\/mavigunesanaokulu.com\/wp-content\/uploads\/2024\/04\/IMG-20240329-WA0165-1024x768.jpg\" alt=\"\" class=\"wp-image-33\" srcset=\"https:\/\/mavigunesanaokulu.com\/wp-content\/uploads\/2024\/04\/IMG-20240329-WA0165-1024x768.jpg 1024w, https:\/\/mavigunesanaokulu.com\/wp-content\/uploads\/2024\/04\/IMG-20240329-WA0165-300x225.jpg 300w, https:\/\/mavigunesanaokulu.com\/wp-content\/uploads\/2024\/04\/IMG-20240329-WA0165-768x576.jpg 768w, https:\/\/mavigunesanaokulu.com\/wp-content\/uploads\/2024\/04\/IMG-20240329-WA0165-1536x1152.jpg 1536w, https:\/\/mavigunesanaokulu.com\/wp-content\/uploads\/2024\/04\/IMG-20240329-WA0165.jpg 1600w\" sizes=\"auto, (max-width: 1024px) 100vw, 1024px\" \/><\/figure>\n\n\n\n<figure class=\"wp-block-image size-large\"><img loading=\"lazy\" decoding=\"async\" width=\"819\" height=\"1024\" data-id=\"36\" src=\"https:\/\/mavigunesanaokulu.com\/wp-content\/uploads\/2024\/04\/14-819x1024.jpg\" alt=\"\" class=\"wp-image-36\" srcset=\"https:\/\/mavigunesanaokulu.com\/wp-content\/uploads\/2024\/04\/14-819x1024.jpg 819w, https:\/\/mavigunesanaokulu.com\/wp-content\/uploads\/2024\/04\/14-240x300.jpg 240w, https:\/\/mavigunesanaokulu.com\/wp-content\/uploads\/2024\/04\/14-768x960.jpg 768w, https:\/\/mavigunesanaokulu.com\/wp-content\/uploads\/2024\/04\/14.jpg 1080w\" sizes=\"auto, (max-width: 819px) 100vw, 819px\" \/><\/figure>\n<\/figure>\n<\/div><\/div>\n<\/div>\n<\/div>\n<\/div><\/div>\n","protected":false},"excerpt":{"rendered":"<p>okulumuzun b\u00f6l\u00fcmleri \u015e\u0130R\u0130NLER SINIFIMIZ \u2192 \u00c7ocuklar\u0131m\u0131z ya\u015f gruplar\u0131na g\u00f6re s\u0131n\u0131flar\u0131 ayr\u0131d\u0131r. 3-4 ya\u015f aral\u0131\u011f\u0131 s\u0131n\u0131f\u0131m\u0131z \u015firinler s\u0131n\u0131f\u0131m\u0131z. OYUN ODAMIZ \u2192 \u00c7ocuklar\u0131m\u0131z\u0131n srbest vakitlerinde, oyun saatinde [&hellip;]<\/p>\n","protected":false},"author":1,"featured_media":542,"parent":0,"menu_order":0,"comment_status":"closed","ping_status":"closed","template":"template-parts\/full-width-page-template.php","meta":{"footnotes":""},"class_list":["post-323","page","type-page","status-publish","has-post-thumbnail","hentry"],"_links":{"self":[{"href":"https:\/\/mavigunesanaokulu.com\/index.php\/wp-json\/wp\/v2\/pages\/323","targetHints":{"allow":["GET"]}}],"collection":[{"href":"https:\/\/mavigunesanaokulu.com\/index.php\/wp-json\/wp\/v2\/pages"}],"about":[{"href":"https:\/\/mavigunesanaokulu.com\/index.php\/wp-json\/wp\/v2\/types\/page"}],"author":[{"embeddable":true,"href":"https:\/\/mavigunesanaokulu.com\/index.php\/wp-json\/wp\/v2\/users\/1"}],"replies":[{"embeddable":true,"href":"https:\/\/mavigunesanaokulu.com\/index.php\/wp-json\/wp\/v2\/comments?post=323"}],"version-history":[{"count":4,"href":"https:\/\/mavigunesanaokulu.com\/index.php\/wp-json\/wp\/v2\/pages\/323\/revisions"}],"predecessor-version":[{"id":554,"href":"https:\/\/mavigunesanaokulu.com\/index.php\/wp-json\/wp\/v2\/pages\/323\/revisions\/554"}],"wp:featuredmedia":[{"embeddable":true,"href":"https:\/\/mavigunesanaokulu.com\/index.php\/wp-json\/wp\/v2\/media\/542"}],"wp:attachment":[{"href":"https:\/\/mavigunesanaokulu.com\/index.php\/wp-json\/wp\/v2\/media?parent=323"}],"curies":[{"name":"wp","href":"https:\/\/api.w.org\/{rel}","templated":true}]}}